is -4 + -240?
-244
In base 8, what is -3 - -454?
451
In base 9, what is 3 - 34?
-31
In base 16, what is -1b9 - 11?
-1ca
In base 13, what is -30 - -5c?
2c
In base 13, what is 5b08 - -1?
5b09
In base 2, what is -10 + 11100101110?
11100101100
In base 15, what is -73 - -27?
-4b
In base 6, what is -11 - -22?
11
In base 2, what is -1 - 110101110?
-110101111
In base 6, what is 14 + 13454?
13512
In base 13, what is -cb + 5?
-c6
In base 16, what is 22 + 2bc?
2de
In base 15, what is -22 - dd?
-110
In base 10, what is 29 - 280?
-251
In base 6, what is 3 + 4302?
4305
In base 15, what is -c - -5?
-7
In base 11, what is 1 + -75?
-74
In base 8, what is 1 + -1676?
-1675
In base 12, what is 2 - -79?
7b
In base 16, what is 2a6 - 5?
2a1
In base 5, what is 10 + 211?
221
In base 15, what is 4 + 76?
7a
In base 6, what is 1 + -132?
-131
In base 2, what is 100010011000 + -1001?
100010001111
In base 15, what is 8c - -e?
9b
In base 3, what is -10 + -2210?
-2220
In base 5, what is -1 + -133240?
-133241
In base 15, what is -2 - -45?
43
In base 2, what is -11 - -10011110010?
10011101111
In base 4, what is 10223 - 1032?
3131
In base 7, what is 4 - -1402?
1406
In base 9, what is -3 - -274?
271
In base 6, what is -143 - -24?
-115
In base 12, what is 136 - -7?
141
In base 6, what is 1 + 112?
113
In base 7, what is 44 - -3?
50
In base 4, what is 2 + 21?
23
In base 15, what is 95 - 6?
8e
In base 10, what is 4 + -162?
-158
In base 9, what is 36 + 57?
104
In base 12, what is 5 - -39a?
3a3
In base 15, what is 6c + -5?
67
In base 11, what is -21 + 12?
-a
In base 11, what is -166 + -36?
-1a1
In base 13, what is 3 + 36?
39
In base 15, what is -4 + 32a?
326
In base 12, what is -3 + 188?
185
In base 14, what is 230b + -3?
2308
In base 6, what is -5 + 433?
424
In base 13, what is -24 + -b?
-32
In base 10, what is 16 - 0?
16
In base 3, what is 2110222 + -2?
2110220
In base 5, what is 13144 - 1?
13143
In base 16, what is -3f + 15?
-2a
In base 13, what is -84 - -6?
-7b
In base 7, what is 301 - -11?
312
In base 9, what is 12268 + 5?
12274
In base 3, what is -21 + -20?
-111
In base 8, what is -1 + 370?
367
In base 16, what is -76 - -4?
-72
In base 8, what is 0 + 347?
347
In base 4, what is 30 + -13113?
-13023
In base 2, what is -10001000101 - 1?
-10001000110
In base 13, what is -b - c?
-1a
In base 8, what is -2 + 1750?
1746
In base 13, what is 656 - 14?
642
In base 8, what is -3 - -34?
31
In base 16, what is -2 + c1?
bf
In base 15, what is -3 - 109?
-10c
In base 11, what is 11 - 90?
-7a
In base 8, what is -3 - 1774?
-1777
In base 12, what is -3 + 3?
0
In base 2, what is -10001000 + 100?
-10000100
In base 2, what is -10010110101 - 11?
-10010111000
In base 2, what is -10 + 10100100?
10100010
In base 4, what is -301 + 0?
-301
In base 14, what is 4 - 7d?
-79
In base 3, what is -1221 - 10?
-2001
In base 9, what is 43 + -25?
17
In base 7, what is -65 - 0?
-65
In base 10, what is 5 - -55?
60
In base 15, what is 2 - -336?
338
In base 3, what is 1 + 1211020?
1211021
In base 12, what is 2 + 5a6?
5a8
In base 11, what is -1106 + -3?
-1109
In base 2, what is 0 + -111101?
-111101
In base 16, what is -866 - -5?
-861
In base 3, what is 120 - 22?
21
In base 16, what is -3 - -3c?
39
In base 15, what is 38 + 3?
3b
In base 16, what is e5 - -3b?
120
In base 11, what is -5 - -16a?
165
In base 2, what is 10001100 + -11011?
1110001
In base 5, what is -4 + 20224?
20220
In base 6, what is 13 - -2?
15
In base 8, what is 2 - -4464?
4466
In base 15, what is -7 - -10?
8
In base 11, what is -3 - 22?
-25
In base 11, what is -51 + 1?
-50
In base 4, what is 100103 - 10?
100033
In base 9, what is -6 + 30?
23
In base 3, what is 12 - -112120?
112202
In base 13, what is 0 - -38a3?
38a3
In base 5, what is 10 - 303?
-243
In base 8, what is -3 + 550?
545
In base 2, what is 10100 + -1001010010?
-1000111110
In base 4, what is 3 - 1333?
-1330
In base 3, what is -22 - 1002?
-1101
In base 2, what is 10010 - 100?
1110
In base 5, what is -1231 + -12?
-1243
In base 15, what is -1bc - 7?
-1c4
In base 16, what is -2d - -88?
5b
In base 3, what is -122 + 1120212?
1120020
In base 6, what is -144 + 4?
-140
In base 8, what is 34123 - 0?
34123
In base 4, what is 22333 - -1?
23000
In base 5, what is -3241 - -1?
-3240
In base 7, what is 123 + -15?
105
In base 12, what is -41 - -43?
2
In base 9, what is -44 + -108?
-153
In base 11, what is 3688 - -3?
3690
In base 8, what is 20 + -32?
-12
In base 16, what is -a + 6c4?
6ba
In base 16, what is 2dc1 - -4?
2dc5
In base 13, what is 9 - -456?
462
In base 12, what is 2 + 14?
16
In base 14, what is 11aa8 + -5?
11aa3
In base 5, what is 3 + 3404?
3412
In base 5, what is 10 + -200?
-140
In base 3, what is -21 + 21100?
21002
In base 6, what is -5 + 55?
50
In base 2, what is -11 - -10101101?
10101010
In base 5, what is 0 + 243?
243
In base 15, what is -cd + 10?
-bd
In base 9, what is -166 - 4?
-171
In base 6, what is 4 + 55?
103
In base 16, what is -df + 3?
-dc
In base 6, what is 31 - -2324?
2355
In base 4, what is 13 + 121313?
121332
In base 12, what is b - 420?
-411
In base 3, what is 212202120 + -10?
212202110
In base 15, what is 3 - -cb?
ce
In base 2, what is -101 - 100001101?
-100010010
In base 12, what is -5 + 37?
32
In base 12, what is 7 + -2b?
-24
In base 8, what is 24340 - -3?
24343
In base 5, what is 3 + -4300?
-4242
In base 4, what is 21 + 2122?
2203
In base 13, what is -1a1 - 1?
-1a2
In base 4, what is 1 - 103220?
-103213
In base 15, what is -14 + -256?
-26a
In base 16, what is -83 - -17?
-6c
In base 8, what is -2 + -47?
-51
In base 10, what is -2 - -67?
65
In base 12, what is 28 + -78?
-50
In base 15, what is 3 - 1e3?
-1e0
In base 7, what is 1 - -134?
135
In base 3, what is 10 - 122111?
-122101
In base 15, what is d - 6ca?
-6bc
In base 12, what is 419 - 5?
414
In base 2, what is -1 + 11000001?
11000000
In base 15, what is 6 + 27?
2d
In base 7, what is -121 + -44?
-165
In base 16, what is 0 - 13?
-13
In base 3, what is -10201 + 10?
-10121
In base 12, what is 2625 + -3?
2622
In base 9, what is -22 - 0?
-22
In base 3, what is 2000011 - 12?
1222222
In base 11, what is -4 - -10?
7
In base 13, what is -7 - 47a?
-484
In base 7, what is -3 - -4640?
4634
In base 14, what is 1d4 - 0?
1d4
In base 7, what is -10 + 54?
44
In base 11, what is -1a2 + -3?
-1a5
In base 4, what is 113 + -131?
-12
In base 10, what is -1133 + 5?
-1128
In base 11, what is -13 - a?
-22
In base 14, what is 3 - -1b7?
1ba
In base 5, what is -30 - -241?
211
In base 6, what is 4 - -2021?
2025
In base 11, what is -10206 - 3?
-10209
In base 5, what is 0 - 1012?
-1012
In base 2, what is 0 - -100001?
100001
In base 10, what is -104 - -3?
-101
In base 15, what is -7 + -32?
-39
In base 3, what is 221 + -101?
120
In base 4, what is 110 - -10?
120
In base 6, what is -1 - 44?
-45
In base 7, what is 254 + -25?
226
In base 4, what is 3 - 1002?
-333
In base 2, what is 1010111011 - -1?
1010111100
In base 15, what is a - -13?
1d
In base 12, what is -2a8 + 3?
-2a5
In base 12, what is 313 + -5?
30a
In base 9, what is 3 + -17?
-14
In base 6, what is -24 - 1034?
-1102
In base 9, what is 7 + -71?
-63
In base 12, what is 4 + -6?
-2
In base 13, what is -241 + -1?
-242
In base 12, what is -10553 + 5?
-1054a
In base 4, what is 13 - 12?
1
In base 3, what is -12 - 1221?
-2010
In base 6, what is -45 - -355?
310
In base 5, what is 20 + -2?
13
In base 10, what is -39 - 52?
-91
In base 7, what is 3433 + -2?
3431
In base 14, what is -440 - -4?
-43a
In base 13, what is -1455 - -4?
-1451
In base 6, what is -20 + -12?
-32
In base 6, what is 22 + -13?
5
In base 12, what is 453 - 3?
450
In base 7, what is -1211 + 0?
-1211
In base 6, what is 0 + -12415?
-12415
In base 8, what is -1 + -174?
-175
In base 5, what is -10 - 102?
-112
In base 5, what is -4 + 44?
40
In base 10, what is 5 - 143?
-138
In base 3, what is -100 - 2022?
-2122
In base 2, what is -10011 + 101000?
10101
In base 10, what is -2 + -488?
-490
In base 10, what is 42 - -30?
72
In base 10, what is 8 + -31?
-23
In base 11, what is 9208 - -2?
920a
In base 13, what is 1ac + -26?
186
In base 14, what is -286 - 5?
-28b
In base 3, what is 211 + 120000?
120211
In base 15, what is -5 - 34?
-39
In base 13, what is -c + -4?
-13
In base 16, what is -3 + -331?
-334
In base 8, what is 16 + -1?
15
In base 16, what is 21c - 0?
2